. What is the remainder when 201 is divided by p?
14
Let a = 14909 + -14375. Calculate the remainder when a is divided by 523.
11
Suppose 20 + 13 = 3*v. Suppose 2*o = -t + 7, 5*o = -3*t + v + 8. Suppose o*r + 13 = 289. Calculate the remainder when r is divided by 28.
26
Let k = 24 - 17. Let o = -12 + 87. Suppose 0 = 10*p - o + 25. What is the remainder when k is divided by p?
2
Suppose 0 = 14341*z - 14360*z + 2736. What is the remainder when 1871 is divided by z?
143
Let g = 7231 - 7022. What is the remainder when g is divided by 11?
0
Suppose 2*s = 9*s + 1365. Let a be s + 0 - (-3 + 0/(-1)). Let b = a + 327. Calculate the remainder when b is divided by 34.
33
Let c(t) = -6*t - 14. Let v be ((-9)/(-6))/((-3)/(-10)). Suppose -3*k - 18 = 2*o + o, 3*o + 30 = -v*k. Calculate the remainder when 41 is divided by c(k).
19
Let i = 0 + -4. Let m = 6 + i. Suppose 0 = -5*n - 2*r + 8, -142*r + 146*r = -5*n + 6. Calculate the remainder when m is divided by n.
0
Calculate the remainder when 625 is divided by 112/(-140) - 18/(-10).
0
Calculate the remainder when 126 is divided by (-627)/(-55) - 24/(-40).
6
Let k = 4684 + -2271. What is the remainder when k is divided by 23?
21
Suppose -2*g = -4*w - 2, -6*g + 2*g + 4 = -4*w. Let r be (253/11)/(g/2). Suppose -6*v + 148 = r. What is the remainder when 65 is divided by v?
14
Let s = 23 - -5. Let q(o) = 3*o**2 + 160*o - 108. Let d be q(-54). Suppose d = -5*p - 25, -3*j + 2*p + 28 = -2*j. What is the remainder when s is divided by j?
10
Let b(d) = d**2. Let f be b(-2). Suppose 136 = -0*j + f*j. Calculate the remainder when (-20 - 1854/(-90))*105 is divided by j.
29
Suppose 4*r + 4*r = 440. Suppose -r = -q - 4*q. Let h(z) = 32*z**2 + 2*z + 1. What is the remainder when h(-1) is divided by q?
9
Suppose -2*n + 29 + 23 = 0. What is the remainder when ((-462)/(-126))/(13/273) is divided by n?
25
Let s = -48 - -43. Let o(i) = -3*i - 8. Suppose -3*k - 2*k - 5 = 2*u, 0 = -u + 4*k + 17. What is the remainder when o(s) is divided by u?
2
Let f(c) = c**3 + 15*c**2 - 14*c + 18. Let y be f(-16). Let n be 1296/(-40) - (y/10 + 2). Let q = n + 80. Calculate the remainder when q is divided by 8.
7
Suppose 0 = 16*r - 5295 - 1569. Let n = r - 378. What is the remainder when 152 is divided by n?
50
Let z = -128 + 128. Suppose -5*l + 1628 - 688 = z. Let t(k) = k**3 + k**2 - k + 19. Calculate the remainder when l is divided by t(0).
17
Suppose 4*t - r - 3*r - 68 = 0, 0 = -3*t + 4*r + 54. Let b(c) = -c - 63. Let o be b(-14). What is the remainder when 20/4 + o/(-4 + 3) is divided by t?
12
Let l = 7 + 27. Suppose 0 = -17*f + 15*f + l. Let t = 43 + f. Calculate the remainder when t is divided by 16.
12
Let r(w) = -21*w**3 + 6*w**2 - 7*w - 12. What is the remainder when 27 is divided by r(-1)?
5
Suppose -4*y + 523 = -5*b, 2*y - 2*b + 421 = 5*y. Let m = 216 - y. What is the remainder when m is divided by 16?
15
Suppose 13*m = -13*m + 23*m + 12. Calculate the remainder when 20 is divided by m.
0
Suppose 5*l - 74 = 7*j - 9*j, 407 = 11*j + 2*l. Calculate the remainder when 170 is divided by j.
22
Suppose 0 = 3*p - 4*p + 100. Let s = 63648 + -63455. Calculate the remainder when s is divided by p.
93
Let x(s) = 3*s**2 - 2*s - 5. Let m(l) = -3*l**2 + 45*l + 164. Calculate the remainder when m(10) is divided by x(4).
34
What is the remainder when 10005 is divided by 44 + 0 - ((-2 - 16) + 125 + -99)?
33
Let g(f) = -f**3 + 19*f**2 - 38*f - 14. Let i(y) = y. Let a(b) = g(b) + 5*i(b). What is the remainder when 29 is divided by a(17)?
2
Let u(l) = 2. Let i(x) = 6*x**2 + 119*x - 8. Let d(j) = 2*i(j) + 6*u(j). Calculate the remainder when 83 is divided by d(-20).
11
Let k = 844 - 839. Suppose 0 = -k*y - 5*t + 80, 7*t - 2*t = 5*y - 90. Calculate the remainder when 147 is divided by y.
11
Let d(t) = -32*t + 678. Let g be d(22). Let v(k) = -k**3 - 11*k**2 + 389*k + 18. Calculate the remainder when 1/(2/438 - 0) is divided by v(g).
43
Let h = 231 + -175. Suppose 0 = 163*k - 161*k - h. What is the remainder when 121 is divided by k?
9
Let n = 165 + -160. Suppose -2*x + n*c = -6*x + 241, 4*x = 2*c + 234. Let p = -1 + 16. Calculate the remainder when x is divided by p.
14
Suppose -5 - 208 = -3*z. Let m = 75 - z. Suppose -m*d = -3*g + 29, -12 - 12 = -2*g - 2*d. What is the remainder when 41 is divided by g?
8
Suppose 106*r - 214*r = -104*r - 128. Calculate the remainder when 313 is divided by r.
25
Let u be (3/(-2))/(5/(-30)). Let n(l) = 4*l - 24. Let a(f) = -f**3 - 15*f**2 + 12*f - 8. Calculate the remainder when a(-16) is divided by n(u).
8
What is the remainder when 1643 is divided by 4/(-14)*3/(-12) + 2574/28?
79
Let q be -2 - 80/(-30)*18/8. Let v = q + 14. Let u = v - -11. Calculate the remainder when 144 is divided by u.
28
Suppose 12*w - 4440 - 876 = 0. Calculate the remainder when w is divided by 111.
110
Let n(o) = -o**2 - 13*o - 16. Let c be n(-12). Calculate the remainder when 9 - (0 + c + -3) is divided by 10.
6
Suppose 5*f = 185 + 285. Suppose -2*x = 141*x - 518 - 626. Calculate the remainder when f is divided by x.
6
Let g(f) = f**2 + 37*f + 80. Let w be g(-35). Suppose 4*i + 5*z = w*z + 685, -3*z = 5*i - 884. What is the remainder when i is divided by 22?
21
Suppose 2*u = -3*f - 0*f + 1161, -5*u + 3*f + 2892 = 0. What is the remainder when u is divided by 22?
7
Suppose -2*l - 3*c = -7*c - 190, 123 = l + 2*c. Calculate the remainder when 1651 is divided by l.
16
Let r(h) = -h**2 + 5*h + 31. Let x be r(8). Calculate the remainder when 164 is divided by (5 - 4) + 3 + x.
10
Let n = -608 + 612. Suppose -128*u = 3*t - 131*u - 27, -n*u = 16. Let q = -56 + 99. What is the remainder when q is divided by t?
3
Suppose -3*q = 5*i - q - 30, 2*q = -2*i + 6. Suppose 155 = i*j - 29. Let n = -91 + 180. What is the remainder when n is divided by j?
20
Let l be 6/24*-6*40/(-3). Suppose -b + 107 = -5*m, 2*b = 24*m - l*m + 214. Calculate the remainder when b is divided by 18.
17
Let k be (-1527)/(-21) - 5 - (-4)/14. Let l = -32 + k. What is the remainder when 29 is divided by 94/18 - (-1 - (-44)/l)?
4
Suppose -5*i = -7*i + 34. Let j(r) = r**2 + 124*r + 3827. What is the remainder when j(-49) is divided by i?
16
Suppose -77*k = -85*k + 40. Suppose 935 = k*q + 14*r - 19*r, -5*r + 757 = 4*q. Calculate the remainder when q is divided by 29.
14
Let h be (-1)/(-1 - 24/(-30)). Suppose -h*s + 807 = 327. Calculate the remainder when s is divided by 50.
46
Let b = 99 - 51. Suppose 0 = l + 3*l + 12, -2*l = w - b. Let p(n) = 7*n - 9. Calculate the remainder when w is divided by p(4).
16
Suppose 49 = 5*q + 4*r + 277, 0 = -2*r - 4. Let s = -39 - q. Let h = 26 - s. Calculate the remainder when 40 is divided by h.
19
Let n = -861 + 894. What is the remainder when 1811 is divided by n?
29
Let g(j) = j**3 + 22*j**2 + 41*j + 50. Let u be g(-21). Let k = -357 - u. What is the remainder when 76 is divided by k?
11
Let f(q) = 22*q + 959. Let t(m) = -m + 46. Calculate the remainder when f(-41) is divided by t(16).
27
Let k be 4/14 + (-3474)/(-42). Suppose 0*u - 4*a - k = -5*u, 5*u + 2*a - 101 = 0. Let s = -13 + 26. Calculate the remainder when u is divided by s.
6
Calculate the remainder when 360 is divided by 6/63 + 25784/924.
24
Suppose g - 58 = -3*c, 2*c - 180 = -3*g - c. Suppose -5*a = 5*l - 10, -2*l + 5*a = -0*l - 11. What is the remainder when g is divided by l?
1
What is the remainder when 1 - -110 - 7/2*120/(-84) is divided by 88?
28
Let x(i) = 3*i**2 - 159*i + 169. What is the remainder when 2130 is divided by x(52)?
11
Let y = -322 + 622. Suppose 0 = -j + 4*j - y. Suppose 3*x + 86 - 158 = 3*l, 3*l + 21 = 0. What is the remainder when j is divided by x?
15
Suppose 0 = -13*o - 298 - 14. Calculate the remainder when 3865/40 - 9/o is divided by 10.
7
Suppose 281 = 5*s - 2*c, -s + c = 27 - 85. Calculate the remainder when s is divided by 10.
5
What is the remainder when ((-40)/50)/(3 - 51/15) + 2511 is divided by 11?
5
What is the remainder when 1707 is divided by 4/((-16)/(-12) - (1 + 1)/2)?
3
Let q be (5/(-2))/((-3)/60522). Suppose 3*k + 4*k + q = 0. Calculate the remainder when (-2)/(-9) + k/(-99) is divided by 15.
13
Let t(b) = -6*b + 19. Let y be t(-20). Let m = y + -3. Calculate the remainder when m is divided by 6.
4
Let x be 2 + 834*-1 - (-4)/4. Let j = x + 895. Calculate